45*(-10)/4). Let t be g/12 - 356420/(-120). Suppose 9*y = 10863 - t. Is y prime?
True
Suppose 5598 = 3*b - 234. Suppose 9*g = 7*g + b. Suppose 2*u + g - 5346 = 4*t, 3*t - 12 = 0. Is u a composite number?
True
Let b = -184 - -176. Let f(a) = -1311*a + 41. Is f(b) a composite number?
False
Let q(o) = 5064*o**3 - o**2 - 3*o - 1. Is q(2) composite?
True
Is ((-2)/(-16))/(83/105045464) prime?
True
Let w(c) = -787*c + 61. Let f(n) = -787*n + 58. Let i(l) = 4*f(l) - 5*w(l). Is i(12) a composite number?
False
Suppose 0 = 4*k + 6 - 22. Suppose -k*h + 6545 = 3*h. Suppose 9*m - h = 4*m + 5*p, 2*p = -3*m + 551. Is m a prime number?
False
Suppose 3*i - 3*w + 2*w - 5 = 0, 3 = -3*i + 3*w. Suppose 3*a - 5527 = -2*x, -5528 = -i*a - 0*a - x. Let u = -848 + a. Is u composite?
True
Let k(t) = 42*t**2 + 8*t - 15. Let u be k(-6). Suppose 0 = -c + 10*c - u. Is c a prime number?
False
Suppose 32*u - 3330 = 17*u. Let g = -23 + u. Is g composite?
False
Is 4 + 15 - 6155072/(-11) a prime number?
True
Let r = 18 + -13. Suppose 6*v = r*v + 1. Is (-3 - (v - 2)) + 81 a prime number?
True
Suppose 0 = 119*w - 192*w + 4923923. Is w a prime number?
False
Let j = -1320 + 2988. Let p = j - 515. Let w = -750 + p. Is w a prime number?
False
Let v = -66124 - -395177. Is v prime?
True
Let d be (1426 + 3)/((1 - -2)/21). Let c = 2000 - -1817. Suppose -6*r - c = -d. Is r composite?
False
Is (106/(-212))/((-22194)/(-22196) + -1) prime?
False
Suppose 3*h + 16320 = 2*f + h, f - 8160 = -3*h. Let m = f + -3073. Is m a composite number?
False
Let q(z) = 99*z**2 + 14*z - 5. Let j be q(-6). Let w = j + -1716. Is w a composite number?
False
Suppose 51*u + 1638333 = 78*u. Is u prime?
True
Suppose -8*x - 2*t = -7*x - 511735, 0 = -3*x - t + 1535200. Is x a composite number?
True
Let s(i) = -12324 + i + 12320 + 2*i + 3*i**2 - 249*i**3. Is s(-3) a composite number?
False
Let y = -17469 - -40627. Let n = 32691 - y. Is n a prime number?
True
Let b(n) = 30*n**2 + 31*n + 11. Suppose z - 3 = 5*k, -8*z - 4*k = -7*z - 30. Is b(z) a prime number?
True
Let f(r) = -19 + 4*r**2 + 11*r**2 - 27*r**2 - r**3 + 39*r - 25*r. Is f(-18) composite?
True
Suppose -3*q = v - 132857 - 103066, -3*v = q - 78625. Is q a composite number?
False
Let r be (4 + (-17)/3)*-3. Suppose 3*v = 4*u + 6*v - 5, r*u = 2*v + 35. Suppose 5*x - 4*k + 1235 - 3970 = 0, x + u*k = 576. Is x prime?
False
Let y be (601832/8)/(2 + -1). Suppose -13*w + y = -2*w. Is w composite?
True
Let k = -351 - -353. Let w(g) = 4782*g - 31. Is w(k) composite?
False
Let b = 13 - 13. Suppose b = -6*a + 15244 - 766. Is a composite?
True
Suppose 4*z - 37 - 23 = 0. Suppose 3 = 6*m - z. Suppose -m*x + 534 = -3879. Is x a prime number?
True
Let n(g) be the first derivative of 65*g**2/2 + 164*g - 39. Is n(31) prime?
True
Let n = 34209 + -19966. Is n a composite number?
False
Let v = -161 + 163. Suppose -3*o - 4*w + 2995 = -5*w, 5*w - 1974 = -v*o. Is o a prime number?
True
Let o = -2176 + 1158. Let h = o - -1685. Is h a composite number?
True
Let y(g) = g**2 - 9*g - 23. Let k be y(13). Let h = 139 - k. Is h - (4 - 5)*1 composite?
True
Let l(t) = 7811*t + 42. Let d(y) = 3907*y + 21. Let s(x) = -9*d(x) + 4*l(x). Let b = -10 + 8. Is s(b) prime?
True
Suppose h + 3*v - 784 = 98, -3*h + 2581 = -4*v. Suppose -2*c - h = -4825. Is c composite?
False
Suppose -2*z + 3*y = -12512, 3*z + 2*y - 11143 = 7638. Let f = 9320 - z. Is f a composite number?
False
Suppose 0*j + j - 2759 = c, 4*j - 5*c = 11031. Let n = 7001 - j. Is n a prime number?
False
Let p(y) = -y**3 + 5*y**2 - 53*y + 487. Let a be p(15). Let x be -4356 - (-2 - (-1 - 0)). Let o = a - x. Is o a composite number?
True
Suppose -35795946 - 970770 = 34*t. Is t/(-378) - (0 - (-6)/(-27)) composite?
False
Suppose -5*h + 28 = -2*s + 6*s, 0 = 5*s - 5*h - 35. Suppose -28*a + 57*a = 31*a + 32. Is s - -2172 - a/4 a prime number?
False
Is (-853317)/(-90) + 1 + 13/(-10) composite?
True
Let n be (-1)/(-8)*4*324 + 5. Let u(z) = -258*z. Let y be u(-1). Let k = y - n. Is k a composite number?
True
Is 3359/(-1)*10/(-19 + 9)*1 prime?
True
Suppose -3*o = -t + 101368, 53*o - 47*o = -4*t + 405346. Is t composite?
False
Let p(h) = h**2 - 5*h - 5. Let v be p(6). Suppose -3*u + 3 = -3*g, g + 2 = -v. Is 1 + u*(-171)/6 prime?
False
Let l be 9 - ((-196)/(-91) + 2/(-13)). Suppose -3*u - 11 = 5*w, 4*u = 2*w - l*w - 8. Suppose -2*q = -3*f - 1880, -u*f - 2*f - 933 = -q. Is q prime?
False
Let i(r) be the third derivative of 7*r**5/10 - r**4/4 + r**3/3 + 5*r**2. Suppose 24 - 39 = 3*v. Is i(v) composite?
True
Let w(o) = -38*o**3 + 19*o**2 + 64*o + 98. Is w(-11) prime?
False
Let g be (-1 + -2 + 24)*1. Suppose -a + 17 = -0*j + 4*j, 5*j = -a + g. Suppose -5*q = w - 283, 0 = -q + a - 3. Is w a prime number?
True
Suppose k - 6 - 1 = -2*r, -2*r + 4*k - 8 = 0. Is (-275 - r)/(18/(-36)) composite?
True
Suppose 4*l + 2204 - 6085 = -i, -8 = 2*l. Let y = i + -2386. Is y a composite number?
False
Suppose 2*z + 26 = 28. Let v(x) = 10281*x - 20. Is v(z) composite?
True
Suppose -s = 4*u - 16, 4 = -3*s + 2*s. Suppose -3*p - 2*v + 593 = 0, -u*v - 341 = 5*p - 1331. Let k = 912 + p. Is k composite?
False
Let m(g) = 474257*g**3 + 2*g**2 - 9*g + 7. Is m(1) a composite number?
True
Let o be 4/3*(-366879)/(-58). Suppose -o + 449 = -5*y. Is y a prime number?
True
Let z = 43 - 86. Let w(s) = -75*s**3 + 7*s - 10. Let l be w(2). Let v = z - l. Is v a composite number?
True
Let i = -62 - -1630. Suppose -2*b = -5*h - i, 4*b - 3*b = 5*h + 1569. Is (h/(-4))/((-3)/(-6)) composite?
False
Let s(g) be the second derivative of 7*g**5/20 + 7*g**4/6 - 15*g**3/2 - g**2/2 + 2*g - 55. Is s(13) a composite number?
False
Let x(w) = -2885*w - 2195*w - 842*w + 1013*w - 4. Let g be x(-2). Suppose 5*v - 7 = -z + 2456, -v = 4*z - g. Is z prime?
False
Suppose -2*a - 3*a + f = -27, -5*f + 27 = 2*a. Is ((-3649)/(-3))/(2/a) composite?
True
Suppose 0 = -16*u + 2*u - 16206736. Is u/78*(-9)/12 a composite number?
False
Is (1/((-7)/68244))/((-82)/2009) - -5 a composite number?
False
Let y(l) = 3*l**2 + 11*l - 9. Let n be y(-9). Suppose j - n = 2*t + 1, 384 = 3*j + 2*t. Suppose 0 = -5*r + 15*r - j. Is r prime?
True
Let f be -5*(-4)/(-40)*-4. Suppose -2*w - w + f*q + 16647 = 0, w = -2*q + 5549. Is w composite?
True
Is 81235 - -159 - (2 + -9) prime?
True
Suppose -234*x + 254*x - 743740 = 0. Is x a prime number?
False
Let s = 36 - 39. Let l(k) = -k**3 - 4*k**2 - 5*k - 6. Let t be l(s). Suppose 3*n - 2748 - 1449 = t. Is n a prime number?
True
Let w(m) = m + 1. Let p(g) = -403*g - 137. Let j(x) = p(x) - 4*w(x). Is j(-14) prime?
True
Let m = 135 + -148. Let f(n) = 60*n**2 + 16*n + 11. Is f(m) prime?
False
Suppose 0 = 5*z - 479316 - 46824. Suppose 39*p - z + 9327 = 0. Is p composite?
False
Suppose 6*k - 4*h = 1126442, 711268 + 39747 = 4*k + 5*h. Is k a composite number?
True
Suppose -p - c = -4, 0 = -5*c + 3*c + 10. Let a be 1/(p/(-1 + 2)). Let f(m) = -373*m - 2. Is f(a) composite?
True
Let d = -59 - -55. Is (-3)/2 - 30/d a prime number?
False
Let c(g) = 1092*g**2 - 4*g - 49. Let a be c(-6). Suppose -11*n = -4*k - 6*n + 52352, -2*n + a = 3*k. Is k composite?
False
Let c be ((-126)/84)/(-1 - 9889/(-9890)). Let i = -9220 + c. Is i a composite number?
True
Let j be (-848493)/115*(0 + -35). Suppose -20*d - 33097 = -j. Is d prime?
True
Let k = 170 - 166. Let j(d) = 9*d**3 - 2*d**2 + 3*d - 5. Let i be j(5). Suppose l - i = -k*l. Is l composite?
True
Let i = -115031 - -240454. Is i prime?
True
Let t be 0/2 + 0 - -8043. Suppose n - 4*h = t, 0*n - 5*h + 24112 = 3*n. Is n a prime number?
True
Let c(m) be the second derivative of 3175*m**3/6 + 103*m**2/2 + 247*m. Is c(8) composite?
True
Suppose 1758*z + 252819 = 1767*z. Is z composite?
True
Let n = 45759 + 21820. Is n a composite number?
False
Let f = 7036 - 627. Let h = -1667 + f. Is h a composite number?
True
Suppose 786 = 2*m + 4*j + 3702, 2909 = -2*m + 3*j. Let t = m - -2201. Suppose 5*k = 4*k + t. Is k composite?
True
Let i(b) = 36*b**2 + 4*b + 49. Let u(h) = -9*h - 93. Let x be u(-11). Is i(x) composite?
True
Let l be 2/6*6*1. Let n(f) = 6*f**l + 5*f - f + 4 + 13*f**2. Is n(-7) a composite number?
False
Suppose 191*u = 129*u + 70370. Is u composite?
True
Let j(d) = 5*d**3 + 4*d**2 - 7*d + 9. Let p be 1*294/(-7) + 2 + 2. Let u = p + 43. Is j(u) composite?
True
Suppose -5*h + 34